te the remainder when 48 is divided by t.
9
Let y be (13 + -1)*(-1)/(-2). Suppose 1 = -x + y. Let v(b) = 3*b**2 - 6*b - 1. Calculate the remainder when v(x) is divided by 15.
14
Let s be (-3 - -5) + 148*1. Suppose 5*a = -o + s, a + 2*o + 60 = 3*a. What is the remainder when a is divided by 11?
8
Suppose -28 = 3*d - 7*d. Suppose -41 = -3*w + d. Let j = 23 - 14. Calculate the remainder when w is divided by j.
7
Calculate the remainder when ((-2)/3)/((-2)/51) is divided by 9.
8
Calculate the remainder when 2/(-12) + 387/54 is divided by 3.
1
Let v(l) = l + 9. Let w be v(-6). Suppose 24 = w*p + p. Suppose 0 = -2*m + 15 + 19. What is the remainder when m is divided by p?
5
Suppose -3*r = -86 - 22. What is the remainder when 27/r - 281/(-4) is divided by 24?
23
What is the remainder when (544/(-20))/(8/(-20)) is divided by 23?
22
Let b(n) = n**2 + n + 1. Let o be b(-1). Let r(z) = -z**2 - 4*z. Let i be r(-4). What is the remainder when 7 is divided by 2*((o - -1) + i)?
3
Suppose 120 - 430 = -5*s. What is the remainder when s is divided by 34?
28
Let v(x) = -5*x - 21. What is the remainder when 46 is divided by v(-9)?
22
Let p = 65 - -34. Calculate the remainder when p is divided by 15.
9
Let a = -30 - -58. Suppose -26 = -3*h + a. Calculate the remainder when 17 is divided by 4/(-6) + 174/h.
8
Let o = 16 - 26. Let b = o - -14. Suppose 0 = a - b*a + 51. Calculate the remainder when a is divided by 10.
7
Let n be (-3)/9*(-20 + 2). Suppose -2*s + n = -8. Suppose -3*v - 63 = -4*f, 3*v = -5*f + s*v + 80. Calculate the remainder when 22 is divided by f.
10
Let h = -3 + 5. Suppose h*z = -4*l + 20, -4*l = 3*z - 12 - 20. Calculate the remainder when z is divided by 7.
5
Suppose -5*r + 143 = -4*l, r - 25 = -0*r - l. What is the remainder when 48 is divided by r?
21
Let p be -1*3 - (-9 - -4). Suppose 4*h - 41 = 3*u, h - 4*u + 4 = -p. What is the remainder when h is divided by 5?
4
Let f(h) = h**3 - 9*h**2 - 3*h + 9. Let k be f(9). Let a = k + 25. Calculate the remainder when 11 is divided by a.
4
Suppose -123 = -3*h + 18. Calculate the remainder when h is divided by 17.
13
Let d(f) = -f**3 - 8*f**2 - 8*f - 4. Let v be d(-7). Suppose -w = -2*g - 19, -8*g = 3*w - v*g - 2. What is the remainder when w is divided by 6?
3
Let i be 3 - 6 - (-1 - 12). Let g = 29 - i. What is the remainder when 55 is divided by g?
17
Let c = -36 - -38. Calculate the remainder when 9 is divided by c.
1
Suppose -3*p = -10*p + 154. Calculate the remainder when p is divided by 12.
10
Suppose -6*k = -k + 30. Let j(f) = f**2 + 3*f - 3. Calculate the remainder when j(k) is divided by (3 - 7)*(1 - 3).
7
Calculate the remainder when 57 is divided by (-18 - 2)/((-6)/9).
27
Let g(j) = j**2 - 4*j - 5. Let z(y) = -19*y**3 - y - 1. What is the remainder when z(-1) is divided by g(-2)?
5
Let c be 1/3 - (-22)/6. Suppose -c*z = -t - 9, -1 = 4*z + t - 0. Let u(m) = 43*m**2 + m - 1. Calculate the remainder when u(z) is divided by 11.
10
Let l = -12 + 398. What is the remainder when l is divided by 43?
42
Suppose 4*c - 54 + 6 = 0. Let z be (34/(-4))/((-3)/24). Suppose 0*n + z = 2*n. Calculate the remainder when n is divided by c.
10
Suppose -4*z = -31 - 17. Let s = -28 - -35. What is the remainder when z is divided by s?
5
Suppose -284 = -2*n - 5*u, -3*n - 2*n + u + 656 = 0. Let i = -94 + n. What is the remainder when i is divided by -1*1*(1 + -14)?
12
Let o be 3/(-15) - (-31)/5. Suppose 0 = 3*a - 5*a - o. Let d(t) = -2*t**3 - 4*t**2 + 2*t + 2. What is the remainder when 27 is divided by d(a)?
13
Let h = -11 + 11. What is the remainder when (15/(-3))/(-1 - h) is divided by 2?
1
Suppose 1 - 6 = -5*b. What is the remainder when 22 is divided by ((-8)/(-20))/(b/30)?
10
Suppose -3*q = -2*j + 48, -5*j + 3*q + q = -134. What is the remainder when 59 is divided by j?
29
Let j = -27 - -32. What is the remainder when 24 is divided by j?
4
Let z = 1 - -3. Suppose j - z*j + 120 = 0. What is the remainder when j is divided by 14?
12
Let p = -13 + -9. Let d = p + 30. Calculate the remainder when 1*(29 - -1) + 0 is divided by d.
6
Let k = 47 - 2. Calculate the remainder when k is divided by 16.
13
Let p = -14 - -18. What is the remainder when (-5)/(10/(-24)) + -1 is divided by 24/p - 0/(-3)?
5
Let g be (0 - 5)/(-1) - 2. Suppose -12 + 3 = -g*f. What is the remainder when 7 is divided by f?
1
Let m be -55*2*(-2 - -3). Calculate the remainder when 43 is divided by (m/(-15))/((-4)/(-6)).
10
Let q(h) = 2*h**3 + 2*h**2 - 2*h + 1. Let n be q(1). Let j = 5 - n. What is the remainder when j is divided by 2?
0
Let j = 78 + -63. Let w = 5 + -3. Suppose -w*t = -4*t + 58. What is the remainder when t is divided by j?
14
Let m be (2 - 1)/(7/42). Calculate the remainder when 25 is divided by -1*m*(-9)/6.
7
Let q(g) = g**3 + 12*g**2 + 10*g - 8. Let j be (-378)/35 + 2/(-10). Calculate the remainder when 6 is divided by q(j).
0
Let h(l) = -l**2 - 5*l - 2. Let t be h(-3). What is the remainder when 12 + t/(-1) + 1 is divided by 3?
0
Suppose -4 + 14 = 5*s. Calculate the remainder when 19 is divided by s*(5/(-2))/(-1).
4
Calculate the remainder when 70 is divided by 4/(-6)*(-19 - 8).
16
Let n = 17 - 12. What is the remainder when 43 is divided by ((-12)/(-3) - n)*-22?
21
Let p be 2/(-5) + 66/15. Let u = 12 - 5. What is the remainder when 9 + p/(8/6) is divided by u?
5
Let i(m) be the second derivative of -m**3/3 + 63*m**2/2 - m. Calculate the remainder when i(0) is divided by 16.
15
Suppose 2*t - 5*t + 18 = 0. Suppose -24 = 3*i - t*i. Calculate the remainder when 31 is divided by i.
7
Suppose f = 4*f + 18. Let b(n) = -6*n**2 - n**3 + 8 + 2*n**3 - 2*n**3. What is the remainder when b(f) is divided by 5?
3
Let f be (-3)/(3*1/4). Let p(n) = -n**3 - 2*n**2 - 3*n + 5. Suppose 6 + 79 = 5*s. Calculate the remainder when p(f) is divided by s.
15
Suppose -j + 3*j = 3*i - 2, i = -j + 4. Let b(d) = 4*d**2 + 2*d - 2. Calculate the remainder when b(i) is divided by 10.
8
Calculate the remainder when (-1 - -3)/(-2)*-37 is divided by 13.
11
Suppose 2*u = 2*m + 24, 2*m - 6*m - 13 = u. What is the remainder when u is divided by 2?
1
Let l(b) = -b**3 + 5*b**2 + 4*b + 2. Let w be l(5). Let o = -13 + w. What is the remainder when 26 is divided by o?
8
Calculate the remainder when 62 + ((-6)/(-2))/3 is divided by 16.
15
Let c be 1/2 - 69/(-2). Let g = c - 17. Let v(s) = 10*s + 3. What is the remainder when v(5) is divided by g?
17
Let n(g) = -g + 2. Let o be n(1). Suppose -o - 1 = -h, -2*i = -3*h. Suppose x - 52 = -4*u - 3*x, -3*u + 19 = -x. Calculate the remainder when u is divided by i.
2
Let l(d) = 33*d + 11. Let v(w) = -11*w - 4. Let k(p) = -4*l(p) - 11*v(p). Let y be k(-1). Let o = -1 + y. What is the remainder when 18 is divided by o?
8
Let s = -9 - -31. Calculate the remainder when s is divided by 4.
2
What is the remainder when 1 + 62 + (7 - 5) is divided by 34?
31
Suppose -104 = -0*t - 2*t. Suppose 9 = -5*f + 19. Let y = f + 16. What is the remainder when t is divided by y?
16
Suppose -2*s + 230 = 3*s. Calculate the remainder when s is divided by 12.
10
What is the remainder when 73 is divided by 475/(-10)*(-4)/5?
35
Suppose 21 = 4*g - 219. Calculate the remainder when g is divided by 21.
18
Suppose x = -0*x + 36. What is the remainder when 142 is divided by x?
34
Suppose 4*d + 3*z - 400 = 7*z, z = 2*d - 196. Suppose 0 = -4*b + d + 44. Let n(i) = -i**2 + 9*i - 6. Calculate the remainder when b is divided by n(6).
11
Let c be (-12)/20 + (-86)/(-10). Calculate the remainder when ((-30)/4)/((-2)/c) is divided by 11.
8
Suppose -15*b = -18*b + 108. What is the remainder when b is divided by 19?
17
Suppose 7*d = 4*d + 9, 5*b + 5*d = 40. Suppose -3*w = 3*r - 15, -w - 4 = 4*r - 5*w. Calculate the remainder when b is divided by r.
1
Let f be 2/6 - 2/6. Suppose f*o - 4*b - 4 = 2*o, 3*b = -o - 4. Suppose 0*m = -o*m + 8, 0 = -3*h - 5*m + 68. What is the remainder when h is divided by 6?
4
Suppose -w + 2*i = -3 + 2, 0 = i - 1. Suppose -w*m = v + m - 63, 0 = 4*v + m - 207. What is the remainder when v is divided by 27?
24
Let b(w) = -18*w - 1. Calculate the remainder when 33 is divided by b(-1).
16
Suppose 0 = -4*p + 3*n - 5*n + 126, -2*p = -3*n - 75. What is the remainder when p is divided by (-345)/(-20) + (-1)/4?
16
Let w = 48 - 15. Calculate the remainder 